/(2 - 3). Let v = o + d. What are the prime factors of v?
5
Let j be -2 + 3 + -2 - -14. Let w = j + -1. What are the prime factors of ((-10)/6)/((-2)/w)?
2, 5
Let r(p) = 23 + 0*p + 4 - p - 8. Let b be r(0). Suppose -c + b + 2 = 0. List the prime factors of c.
3, 7
Let k(m) = m**3 + 7*m**2 - 10*m - 10. List the prime factors of k(-8).
2, 3
Suppose 0 = o + 5 - 3, -3*w = -2*o - 10. Suppose -5*c - 2*p + 8 + 27 = 0, w*c + 3*p - 14 = 0. List the prime factors of c.
7
Let d(r) = 4*r**2 + 1. Let g be d(-1). Suppose 25 + 15 = g*l. Let v = 13 - l. List the prime factors of v.
5
Suppose -z = 3*z. Suppose -3*x + 16 - 4 = z. List the prime factors of x.
2
Let i(l) = 7*l**2 - 3*l - 2. Let a be i(-1). Suppose a + 80 = 4*f. List the prime factors of f.
2, 11
Let p(h) = h**2 - 3*h - 3. Let z be p(4). Let y = 11 + z. List the prime factors of y.
2, 3
Suppose 2*t - 38 = -5*x, 6*x - 18 = -t + 3*x. What are the prime factors of t?
2, 3
Suppose 4*k - 9 = 3. What are the prime factors of 17 - (1 + 8)/k?
2, 7
Let j(h) be the second derivative of -h**5/20 + h**4/3 - h**3/2 + h**2/2 - 2*h. Let g be j(3). List the prime factors of g - 1/((-1)/13).
2, 7
Let u be -2*12/8*-1. Suppose 3*h - 33 = -3*q, u*h - h - 43 = 5*q. List the prime factors of h.
2, 7
Suppose -5 = -5*c, o + 0*c - 69 = 3*c. What are the prime factors of o?
2, 3
Suppose 5*q + 0*q = -4*z + 40, -4 = -4*z + 4*q. Suppose 3*k = -j + 11, 0 = -z*k + j + 15 - 2. Suppose o - k*o + 14 = 0. List the prime factors of o.
7
Let x = 225 - 102. List the prime factors of x.
3, 41
Let c(b) = -4*b**2 + 1. Let d be c(1). Let v = d - -6. Suppose 0 = -x + 10 + v. What are the prime factors of x?
13
Let k be (3/3 + -21)/1. What are the prime factors of k/(-4)*(2 - -6)?
2, 5
Let i = 10 + -2. Suppose 3*q + 0 = 3*u - 12, u + 3*q = i. List the prime factors of u.
5
Let k = 199 - 0. List the prime factors of k.
199
Let r(q) = 9*q + 2. List the prime factors of r(1).
11
Let b be (6/4 - 1)*4. Let o = 0 + b. What are the prime factors of o?
2
Suppose 5*t + 0*t - 58 = -4*c, -3*c = -3*t + 24. What are the prime factors of t?
2, 5
Let x(v) = -v**2 + 6*v - 3. Let s be x(5). Suppose s*u + f - 1 = 6*f, -3*u = 5*f - 14. Let y = 0 + u. List the prime factors of y.
3
Let p(r) = r**3 - 8*r**2 + 9*r - 8. Let c be p(7). Suppose 0 = -q + c + 4. List the prime factors of q.
2, 5
Let a(z) = 5 - 1 - 1 - 3*z - 6*z - 9*z**2 - z**3. What are the prime factors of a(-8)?
11
Let l be 10/(-4*1/(-2)). Let f = l - 2. Suppose -2*p + 19 = f. List the prime factors of p.
2
Suppose 3*z - 9 = 3*r, 0*r = -3*r - 5*z + 15. Let x(b) = 5*b - 10 + r*b - 2*b. What are the prime factors of x(7)?
11
List the prime factors of 74*(-2)/12*-3.
37
Let l(k) = -4*k**3 + k**2 - 1. Let x be l(-1). Let r(d) = 4*d**2 - d - 1. Let a be r(-2). Suppose x*b - 15 = a. What are the prime factors of b?
2
Suppose -o = -3*h + 179, 4*o + 103 = h + 36. What are the prime factors of h?
59
Let c = -2 + 3. What are the prime factors of c/4 - 783/(-36)?
2, 11
Let f(l) = -8*l + 2. Let j be f(-2). Let z = -10 + 8. List the prime factors of j/4*(-4)/z.
3
Suppose 5*b + 3*w = -0*w + 116, 0 = -b + 2*w + 31. List the prime factors of b.
5
Let f = 88 + 26. List the prime factors of (-2)/7 - f/(-7).
2
Suppose 3*m - 4 = 11. Suppose 3*h = 4*v + 107, 0 = -2*v + m*h - 39 - 32. Let p = -11 - v. List the prime factors of p.
2, 3
Let g = 24 + -21. Suppose -3*f - 80 = -5*f - g*d, 160 = 4*f + d. List the prime factors of f.
2, 5
Let f = -5 - -2. What are the prime factors of -2*1/f*3?
2
Let l(h) = -h + 8. Let p be l(8). Suppose -2 = y - p. Let g(j) = -2*j**3 - j**2 + 3*j + 1. What are the prime factors of g(y)?
7
Suppose 2 = -8*h + 10*h. List the prime factors of (-1)/(-2)*h*18.
3
Let h be (-2)/(-6) + 8/3. Suppose -h = -l - 2*a, -24 = -2*l + 6*a - a. What are the prime factors of l?
7
Suppose 0 = 4*n + 3*l - 0*l - 28, -2*n + 2*l + 14 = 0. Let h = -5 + n. Suppose 0*c - h*c + 4 = 0. List the prime factors of c.
2
Let n(y) = y**2 + 3*y. Let p(q) = 3*q**2 + 7*q - 1. Let u(b) = -5*n(b) + 2*p(b). List the prime factors of u(5).
2, 3
Let d = -3 - 0. Let c(j) = -j**3 - 2*j**2 + 2*j. Let l be c(d). Suppose -2*a + 3*f = -5*a + 33, 3*a - l*f - 39 = 0. List the prime factors of a.
2, 3
Let z = 243 - 167. What are the prime factors of z?
2, 19
Let s = 10 + 22. What are the prime factors of s?
2
Let v(c) = -7*c**2 + 2*c**2 + 0 - 3 + c**3 - 4*c. Let m be (1/1)/(1/6). What are the prime factors of v(m)?
3
Suppose -5*x = 2*a - 236, a + x = 118 + 6. List the prime factors of a/(8/2) - 2.
2, 3, 5
What are the prime factors of (12/(-9))/((-55)/18 - -3)?
2, 3
Let x(l) = l**3 - 3*l**2 - l - 5. List the prime factors of x(5).
2, 5
Suppose 4*o + o = 215. List the prime factors of o.
43
Suppose 0 = -n - t, -32 = 2*n - 7*n + 3*t. Let l(j) = j**2 + 4*j + 1. Let w be l(-4). Let y = n - w. What are the prime factors of y?
3
Suppose -22 = -4*p - 6. Suppose h + p*o = -14, 0 = -0*h + h - o - 1. What are the prime factors of h - (-2 + 10/(-1))?
2, 5
Let n = -21 - -38. What are the prime factors of n?
17
Let z = 17 - 8. List the prime factors of z.
3
Let u(v) = v**3 - 13*v**2 + v + 4. List the prime factors of u(13).
17
Suppose -g + 90 = 2*w + 3*g, 0 = -3*w + 5*g + 80. List the prime factors of (-121)/(-7) + (-10)/w.
17
Let k = 63 - 17. List the prime factors of k.
2, 23
Let p = 284 + -200. What are the prime factors of p?
2, 3, 7
Let i(h) = -56*h - 23. What are the prime factors of i(-5)?
257
Suppose 36 + 12 = 4*z. Let f = -7 + z. Suppose f*c - 5*g + 7 = 42, 0 = -4*c - 5*g - 8. List the prime factors of c.
3
Let b(g) = 0 - 2*g**3 + 2 - 2*g - 3. Let s be b(-1). Suppose -v = -3*r - 12, 0 = -r - s*r - 8. What are the prime factors of v?
2, 3
Let p(u) = u**2 + 15. Let f(v) = -v**3 + 2*v**2 - 2*v + 1. Let a be f(1). What are the prime factors of p(a)?
3, 5
Let f = 119 - 84. What are the prime factors of f?
5, 7
Let f = -41 - -74. What are the prime factors of f?
3, 11
Suppose s - 15 = -0*t - 2*t, 84 = 4*s - 4*t. List the prime factors of s.
19
Let w(d) = d**2 - d - 4. Let k be w(3). Suppose k*p - 1 - 3 = 0. List the prime factors of p.
2
Let w(s) = -8*s**2 + 28*s - 12. Let m(h) = -2*h**2 + 7*h - 3. Let v(r) = -9*m(r) + 2*w(r). List the prime factors of v(5).
2, 3
Suppose 0*f - 5*w = 2*f - 24, -4*f - 12 = -5*w. Suppose -f*k = 22 - 72. List the prime factors of k.
5
Let c(x) be the first derivative of -x**4/4 - x**3 + 5*x**2/2 + 6*x - 1. Let o be c(-4). Suppose 0 = -o*p + 6*p - 12. What are the prime factors of p?
3
What are the prime factors of -1*2572/(-20) + (-2)/(-5)?
3, 43
Let y = 11 - 2. Suppose 3*o + 0*o + y = 0. List the prime factors of o/((-2)/2)*3.
3
Let o = 5 - 5. Suppose -l - 2*l - 8 = -2*y, -l + 2 = o. What are the prime factors of y?
7
Suppose -s + 3*s + 5*i = 79, -5*s = -i - 157. What are the prime factors of s?
2
Suppose -p + 3 = 0, 5*t - 4*p + 9*p = 190. What are the prime factors of t?
5, 7
Let m(a) = -a - 1. Let u be m(-3). Suppose u*k - 5*k - 3*j = -63, 3*k - j = 47. List the prime factors of k.
17
Suppose 5*s - 3*x - 140 = -7*x, 0 = -2*s + x + 69. Let w = 46 - s. List the prime factors of w.
2, 7
Suppose 0 = -4*o - 3*g + 1222, -5*g - 598 = o - 3*o. What are the prime factors of o?
2, 19
Suppose -28 = 5*b - 163. What are the prime factors of b?
3
Suppose -3*k = -3*d - d + 63, 65 = 5*d - k. Let i be (-404)/(-12) + 2/(-3). Suppose 4*n + 2 = -b + i, -3*b + d = 3*n. List the prime factors of n.
3
Let i(y) = -61*y + 3. Let k(b) = 30*b - 1. Let l(n) = 2*i(n) + 5*k(n). What are the prime factors of l(1)?
29
Let f = 13 - 23. Let l = 13 + f. List the prime factors of l.
3
Let r = 15 + -11. Suppose 4*t - r*m - 17 = 59, -3*t = 3*m - 87. What are the prime factors of t?
2, 3
Suppose -22 + 214 = -4*m. Suppose 8*d - 140 = 3*d. What are the prime factors of 2/7 - m/d?
2
Suppose -3*l + 2*k = -k - 24, 0 = -5*l - k + 10. Suppose -l*z - 6 + 21 = 0. Suppose -3*t = -3*c + 24, -z*c - 4*t + 22 = -0*t. What are the prime factors of c?
2, 3
Let x = 34 + -22. What are the prime factors of (75/x + 1)*4?
29
Suppose 0 = -3*i + 7*i + 24. Let b be 3*i*(-6)/(-27). What are the prime factors of 1 - 2/b*4?
3
Let w be (-10)/2*(-4)/(-10). Let z be (-27)/6 + 3/w. List the prime factors of -14*((-3)/(-1))/z.
7
Let i be (-4)/(-3) - (-2)/(-6). Let u be i*(-3)/(-6)*-18. L